 - 14. Calculate u(-6).
-32
Let p(f) = f**2 - 12*f - 50. Calculate p(15).
-5
Let n(s) = s**2 + 11*s + 13. Determine n(-9).
-5
Let z(k) = -3*k**3 - 14*k**2 + 2*k - 5. Give z(-5).
10
Let q(z) = -z**3 - 12*z**2 - 15*z - 3. Determine q(-11).
41
Let s(j) = j**3 + 2*j**2 + 2. Calculate s(2).
18
Let a(p) = 4*p**2 - 2*p - 3. What is a(3)?
27
Let v(j) = 6*j - 18. Calculate v(8).
30
Let h(l) = -2*l**2 - 3*l + 48. What is h(-7)?
-29
Let w(j) = 3*j - 2. Give w(2).
4
Let b(a) = -a**3 - 48. Determine b(0).
-48
Let h(d) = -d**3 - 10*d**2 + 26*d + 28. Determine h(-12).
4
Let x(t) = t**3 - 36*t**2 - 78*t + 85. Give x(38).
9
Let l(j) = -j**2 + 23*j - 22. What is l(22)?
0
Let o(w) = -2*w**2 - 14*w - 8. Determine o(-6).
4
Let l(g) = g**2 - 11*g - 2. Determine l(9).
-20
Let l(m) = -8*m + 19. Calculate l(6).
-29
Let l(v) = 9*v**2 - 3*v + 1. What is l(2)?
31
Let r(u) = 4*u - 74. What is r(16)?
-10
Let z(w) = 2*w**2 + 14*w - 34. Give z(0).
-34
Let q(r) = -9*r - 1. Determine q(-5).
44
Let t(d) = d**3 - 2*d**2 - d - 13. What is t(0)?
-13
Let m(h) = -4*h - 19. What is m(-6)?
5
Let f(d) = d**2 + d + 1. Determine f(4).
21
Let a(y) = 2*y**2 + 3*y - 2. What is a(-3)?
7
Let f(o) = -3*o**3 + 3*o**2 - 8*o + 1. Give f(3).
-77
Let p(j) = j**3 - 8*j**2 + j + 2. Determine p(8).
10
Let r(z) = 8*z**2 + 28*z - 27. Determine r(1).
9
Let o(l) = -14*l + 108. Give o(8).
-4
Let c(j) = j**3 + 7*j**2 + 17*j + 26. What is c(-5)?
-9
Let k(i) = i**3 - 8*i**2 + 2*i - 11. Give k(8).
5
Let r(b) = -b**2 - 5*b - 2. Calculate r(-6).
-8
Let b(v) = -v**3 + 2*v**2 + 8*v - 2. Give b(-3).
19
Let k(z) = -164*z + 321. What is k(2)?
-7
Let p(u) = -2*u**2 - 14*u + 11. Determine p(-7).
11
Let n(b) = -b**3 - 5*b**2 - 2*b - 4. Give n(-4).
-12
Let d(n) = -n**3 + 6*n**2 + n - 15. Determine d(5).
15
Let j(c) = c - 13. Determine j(12).
-1
Let p(u) = -u**2 - 7*u - 2. Calculate p(-7).
-2
Let n(r) = 2*r**2 + 23*r - 12. Calculate n(-12).
0
Let x(v) = -v**3 + 10*v**2 + 2*v - 12. Give x(10).
8
Let a(h) = -h + 30. Calculate a(15).
15
Let l(d) = 3*d**2 + 5*d - 18. What is l(-4)?
10
Let q(y) = -y**3 + 5*y**2 + 4*y - 5. Determine q(6).
-17
Let c(j) = 4*j**2 - j - 7. What is c(-2)?
11
Let t(l) = l - 13. Give t(12).
-1
Let a(k) = k**3 - 12*k**2 - 10*k - 18. What is a(13)?
21
Let a(p) = 12*p + 71. What is a(-7)?
-13
Let s(x) = -x + 29. Calculate s(8).
21
Let x(z) = -39*z - 2. Calculate x(0).
-2
Let p(i) = i - 1. What is p(2)?
1
Let i(z) = -z**3 - 15*z**2 - 13*z + 11. Determine i(-14).
-3
Let j(m) = -m**3 - m**2 + m + 34. What is j(0)?
34
Let l(y) = -y**3 - 11*y**2 - 22*y - 29. What is l(-9)?
7
Let c(b) = 5*b**2 + b. Calculate c(2).
22
Let j(u) = -u**3 + 11*u**2 + 11*u + 14. Calculate j(12).
2
Let r(q) = q**2 + 19*q + 40. What is r(-17)?
6
Let z(d) = -16*d + 246. Calculate z(16).
-10
Let h(y) = -15*y - 24. Give h(-4).
36
Let i(r) = -r**2 + 9*r - 6. What is i(14)?
-76
Let s(g) = -g**2 + g + 88. Calculate s(-9).
-2
Let z(r) = -r**2 - 12*r + 2. Give z(-11).
13
Let s(g) = -8*g - 40. Give s(-6).
8
Let a(p) = -2*p - 27. Calculate a(10).
-47
Let v(p) = 7*p - 7. Determine v(2).
7
Let w(o) = -o**3 + 16*o**2 + 15*o + 40. What is w(17)?
6
Let a(b) = -b**2 + 26*b + 47. Calculate a(28).
-9
Let t(d) = 2*d**3 + 2*d**2 - 2*d. Calculate t(-3).
-30
Let x(g) = g**2 - 2*g + 11. Calculate x(0).
11
Let j(v) = -4*v + 2. What is j(-5)?
22
Let f(i) = -i**3 - 13*i**2 - 14*i + 5. Determine f(-12).
29
Let b(c) = -15*c + 6. Give b(-3).
51
Let w(r) = -r**2 - 3*r - 1. Calculate w(-7).
-29
Let s(q) = 2*q**3 + 20*q**2 + 19*q + 6. What is s(-9)?
-3
Let a(u) = -4*u + 5. Determine a(2).
-3
Let f(y) = -y**2 - 6*y. What is f(0)?
0
Let u(x) = 2*x + 6. Give u(-6).
-6
Let r(t) = 73*t - 48. What is r(2)?
98
Let p(g) = 19*g - 3. What is p(2)?
35
Let t(q) = 5*q + 2. What is t(-2)?
-8
Let t(k) = -k**2 + 23*k - 41. Calculate t(21).
1
Let s(j) = -j**2 + 4. What is s(0)?
4
Let z(u) = u**3 + 5*u**2 + 6*u + 4. Calculate z(-4).
-4
Let x(h) = -h**3 + 15*h**2 + 22*h - 92. Determine x(16).
4
Let g(c) = -167*c - 333. Determine g(-2).
1
Let c(s) = -s**2 - 28*s - 56. Calculate c(-23).
59
Let x(p) = 15*p + 49. Give x(-3).
4
Let t(l) = 5*l**2 + 5*l - 23. What is t(-3)?
7
Let o(r) = r**3 - 18*r**2 - 19*r + 9. Calculate o(19).
9
Let p(j) = 17*j. What is p(-1)?
-17
Let w(b) = -2*b**3 + 2*b**2 + 3*b + 8. Determine w(-2).
26
Let y(l) = l**3 + 3*l**2 - 5*l - 2. Determine y(-3).
13
Let f(i) = 2*i**3 + 2*i**2 - 10*i - 16. Calculate f(-2).
-4
Let h(i) = -i**2 - 5*i - 9. Give h(-7).
-23
Let r(o) = -o**2 + 38*o + 41. Determine r(39).
2
Let p(l) = l**3 - 10*l**2 + 17*l + 6. Calculate p(9).
78
Let o(t) = -2*t - 11. Determine o(-10).
9
Let v(q) = q**3 + 18*q**2 + 41*q - 50. Calculate v(-15).
10
Let k(z) = -z**2 - 8*z + 5. What is k(-9)?
-4
Let b(y) = y**2 + 14*y + 23. What is b(-12)?
-1
Let k(l) = -l**3 + 5*l**2 + 4*l + 8. What is k(6)?
-4
Let s(a) = 63*a - 304. Determine s(5).
11
Let j(k) = k**2 - 18*k - 36. Determine j(10).
-116
Let i(f) = f**2 - 9*f + 1. Calculate i(6).
-17
Let c(z) = -3*z**2 + 5*z - 6. Calculate c(4).
-34
Let d(q) = -64*q**3 - 3*q**2 - 2*q. Give d(-1).
63
Let p(c) = -c**3 - 19*c**2 - 19*c - 22. Determine p(-18).
-4
Let v(k) = 24*k + 562. Calculate v(-23).
10
Let g(q) = q**3 - 17*q**2 + q - 20. Give g(17).
-3
Let o(w) = -23*w - 14. Determine o(-2).
32
Let g(z) = -z + 60. What is g(0)?
60
Let k(f) = -f**3 + 4*f**2 + 8*f + 4. Give k(5).
19
Let d(f) = -3*f**2 - f - 2. Give d(2).
-16
Let y(o) = -47*o. Calculate y(2).
-94
Let p(r) = -3*r**2 + 4*r + 1. Give p(-2).
-19
Let s(u) = 7*u + 4. Determine s(-3).
-17
Let l(s) = -s**3 + 7*s**2 + 11*s - 14. Give l(8).
10
Let a(j) = 2*j**2 - 7*j - 11. Give a(6).
19
Let x(q) = -q**2 - 2*q + 20. What is x(4)?
-4
Let i(b) = 53*b + 4. Determine i(-3).
-155
Let a(w) = -w**3 + 15*w**2 - 14*w + 9. Calculate a(14).
9
Let i(f) = f**2 + 48*f + 55. Determine i(-46).
-37
Let p(n) = -n**3 - 5*n**2 + 3*n - 4. Determine p(-6).
14
Let u(h) = -2*h**2 - 5*h + 3. Calculate u(-4).
-9
Let j(o) = -o**2 - 24*o - 148. What is j(-11)?
-5
Let n(q) = 2*q**2 + 2*q - 2. Determine n(-3).
10
Let j(r) = r**2 - 2*r - 21. Determine j(12).
99
Let s(o) = 2*o - 33. Give s(-19).
-71
Let c(d) = 3*d**2. Determine c(3).
27
Let x(c) = -2*c**2 - 4*c + 10. Give x(3).
-20
Let g(x) = 19*x - 27. What is g(2)?
11
Let l(p) = -p**3 - 5*p**2 - 2*p - 7. Calculate l(-5).
3
Let t(p) = p**3 - 3*p**2 - 70*p + 4. What is t(10)?
4
Let y(j) = j**2 - 7*j + 10. Give y(4).
-2
Let z(s) = -s**2 + 5*s + 1. What is z(6)?
-5
Let r(t) = 8*t**2 + 5*t + 5. Determine r(-1).
8
Let z(j) = 2*j**2 + 20*j + 1. Determine z(-10).
1
Let l(m) = -m**3 + 15*m**2 - 34*m - 27. Determine l(12).
-3
Let w(p) = 2*p**2 - 73*p + 71. Determine w(35).
-34
Let q(c) = -c**2 + 3*c + 1. Determine q(0).
1
Let z(s) = s - 6. Determine z(3).
-3
Let u(i) = -i**2 - 2*i - 2. Give u(-1).
-1
Let r(f) = 4*f**2 + 6*f + 7. Give r(-3).
25
Let o(u) = -u**3 - 21*u**2 + 23*u + 25. What is o(-22)?
3
Let c(w) = -w**3 + 8*w**2 - w + 11. Determine c(8).
3
Let t(a) = -a**2 - 16*a - 6. Give t(0).
-6
Let d(i) = i**2 - i - 8. Determine d(-4).
12
Let k(m) = -m**3 - 4*m**2 - m - 3. Give k(-2).
-9
Let m(v) = v**2 + 14*v + 38. Give m(-8).
-10
Let q(c) = c**2 + 3*c + 50. What is q(-8)?
90
Let l(f) = 2*f**2 + 57*f - 29. Give l(-29).
0
Let m(c) = c**2 - 22*c - 139. Give m(27).
-4
Let f(j) = -j**3 + 18*j**2 - 17*j + 1. What is f(17)?
1
Let c(l) = -2*l + 2. Calculate c(-8).
18
Let f(v) = 3*v + 5. Determine f(2).
11
Let v(y) = -y**2 + 5*y - 5. Give v(9).
-41
Let d(x) = x**2 + 66*x - 149. Determine d(-68).
-13
Let w(v) = -v**3 - 10*v + 16. Determine w(2).
-12
Let f(w) = -w**3 + 5*w**2 + 21*w - 4. Give f(-3).
5
Let o(y) = -6*y + 19. Determine o(5).
-11
Let w(m) = m**2 + m - 14. Give w(-5).
6
Let t(i) = -24*i - 22. Calculate t(4).
-118
Let q(x) = -x**3 - 22*x**2 - 4*x + 6. What is q(-22)?
94
Let t(v) = -v**2 + 19*v - 2. Give t(19).
-2
Let a(j) = 4*j - 62. Calculate a(29).
54
Let w(b) = b**3 - 9*b**2 + 11*b - 2. What is w(6)?
-44
Let x(z) = z**3 - 5*z**2 - 8*z + 5. Determine x(6).
-7
Let f(q) = 13*q + 40. Determine f(-10).
-90
Let y(l) = -2*l**2 + 9*l + 19. What is y(-3)?
-26
Let r(t) = -t**3 - 9*t**2 - 20*t + 2. Calculate r(-5).
2
Let v(s) = s**2 + 14*s + 9. What is v(-13)?
-4
Let t(y) = y**3 - 9*y**2 + 6*y + 12. Give t(7).
-44
Let x(f) = -f - 4. Give x(10).
-14
Let m(l) = 